669 + -737
98
Calculate -12 - (-37 - (-14 - -2) - (-14 + 4)).
3
Calculate -29 + 51 - (1 + -9 - 7).
37
-70 - -31 - (6 + -2 + -11)
-32
-40 + 15 - -21 - (45 - 4)
-45
Calculate 5 + -6 + -5 + -7 + 76 + (8 - 3).
68
What is the value of -13 + (-52 - (-34 + -22 + 54))?
-63
What is -26 + (-20 - (16 - 12))?
-50
What is -9 - (77 + (33 - 131) - (-4 + -1))?
7
Evaluate (-12 - (26 - 19)) + 19 + (2 + 0 - 35).
-33
Evaluate 14 - (231 + -81) - -76.
-60
What is -35 + -28 + 6 - -75?
18
Calculate -29 - (-44 - -75) - -43 - (9 + 1).
-27
What is the value of (0 - -41) + (792 - 780)?
53
(-59 - -71) + 3 + -36
-21
Calculate 292 + -350 + (2 + -4 - -23).
-37
Calculate (-82 - 7) + 86 + -48 + 2.
-49
-19 + (22 + -64 - -80)
19
What is -9 - (-45 + -6 - (0 - 1) - -3)?
38
What is the value of 79 + (14 + 10 + (5 - 19) - 11)?
78
(4 - -1) + 20886 + -20818
73
What is (-40 - (60 - (4 + 211))) + 0 + -7?
108
Calculate (5 - 7) + 62 + -92.
-32
What is 15 + 7 + -8 - -2 - -16?
32
What is the value of 14 - ((-452 - -448 - (-1 - -4)) + 12 + -4)?
13
What is (3 + -13 - 3) + 62 + 4?
53
(-4580 - -4570) + (0 - -105) + (2 - 5)
92
Calculate -4 + 38 + -2 + -70 + 35 + 44.
41
What is -46 + -25 - -46 - (-4 - 3)?
-18
What is 6 + -55 - -44 - 5?
-10
What is -17 - (-1 + (41 - 15) + -18 - -80)?
-104
Calculate (18 + -31 - -5) + 39 + 2.
33
14 + -19 + -86 + 8
-83
What is -6 + (-21 - (-35 - -1)) + -9?
-2
Calculate (-2153 - -2176) + (1 - -1) + -33.
-8
Calculate (23 - -30 - 54) + -1 + (1 - -2 - 17).
-16
(-169 - -1) + (-6362 - -6460)
-70
What is the value of -22 + (-18 - 15) - (-3 + 2 + -8 + 1)?
-47
30 - ((19 - -32) + 10 + -8)
-23
Evaluate -623 + 671 + -5 + -1 + 6 + (5 - 2).
51
85 + -102 - (-71 - -13)
41
What is the value of -38 - (-7 + (0 + 6 - (-165 + 165)))?
-37
What is the value of (-68 - 2) + (590 - 543)?
-23
Evaluate 15 + -62 - (-53 - -26 - -10).
-30
What is the value of 9 - ((-11 - -12) + -3) - 18 - -6?
-1
Evaluate 9 + (31 - 45) + (26 - 3).
18
What is the value of -5 + -10 + -63 - (2 - 7 - (-29 + 32))?
-70
Evaluate (-1 - 2) + 3 + -54 + (-936 - -946).
-44
What is the value of 10 + 10 + -31 + (-1 - -2 - 0) - 78?
-88
Evaluate -101 - 18 - -10 - -254.
145
Evaluate -22 + (-5 - (-13 - -11 - -4) - -10).
-19
Evaluate (-49 - -99) + -8 + 2 + -1 + (-59 - -66).
50
What is the value of -11 - (7 - (66 - (-5 + (9 - (0 - -4)))))?
48
What is 17 - (-96 - -78 - (-135 - 5))?
-105
What is the value of 74 + -3 + (2 + 16 - (-234 - -258))?
65
Calculate 32 - (-5 + 25 + -18 + 16 + -21).
35
(-217 - -221) + -4 + -41
-41
What is the value of (124 - 27) + 15 + -72?
40
What is -26 + -24 - -21 - (-1 - -20 - (1 + 6))?
-41
What is 3 + -23 - (-37 - (5 - 4))?
18
Evaluate -14 + (2 - -14 - (189 - 138)).
-49
What is the value of 103 + -100 + 9 - 87?
-75
-61 + (-41 - (-68 + -19))
-15
Evaluate (-7 - -41 - 43) + -19 + 7.
-21
What is -60 + 1 - (-19 - (16 + -23 + -9))?
-56
What is the value of (10 - 8) + 16 + -2 + 12 + -126?
-98
What is -11 + (9 - -27) + 11 - (-6 - (0 + -1))?
41
Evaluate (-79 - -58) + 15 + 6.
0
What is the value of 55 + 1 + (-19 + 32 - 28)?
41
0 + (-57 - -106) + (-2 - 14) + 0
33
What is 61 + -10 - (-82 - -80)?
53
Evaluate (-18 - (0 + 1 + 0)) + -651 + 659 - -31.
20
What is the value of -41 + (-1 - -17) + (100 + -47 - 59)?
-31
What is the value of 0 + -60 - (2976 + -3017)?
-19
Evaluate 8 + (-27 - 5) + -25.
-49
Calculate (4 - -4 - -10) + -46 + 15.
-13
What is 10 + 28 + (67 - 61)?
44
What is (-39 - -20) + -6 + -3 + 17 + -3?
-14
What is (263 - (-46 - -171)) + -9?
129
-7 + 8 + -19 - (2 - (17 - (3 + 4)))
-10
What is -13 + -5 + (335 - 284)?
33
Evaluate 0 - 9 - (-11 + 8 + 14 - 14).
-6
2485 + -2504 - (1 - (71 - -1))
52
-32 + 23 + 41 - 54
-22
197 + -184 - (7 + -11 - (0 + -15))
2
47 - 71 - (51 - -3) - (-10 + 5)
-73
Calculate 88 + (-17 - (2 + -3)) + 16 + -13.
75
Calculate (22 - 23) + -4 + -3 + 10.
2
What is the value of ((11 - (-8 + 11)) + 2 - -15) + 5?
30
Calculate -136 - ((-160 - -66) + -3).
-39
Evaluate 81 - (142 + -39 - 9).
-13
(32 + -18 - -1) + -18 + (46 - 0) + 2
45
What is 43 + (21 - -62 - 4)?
122
What is the value of 12 + -5 + (-18 - -2) + 0 - (49 + -1)?
-57
What is the value of 19 + (31 - 55) + 9 + -76?
-72
What is -3200 - -3324 - (5 - 13)?
132
-2 + (12 - 2) - ((59 - 106) + 10)
45
What is the value of -7 - ((0 - 8) + 4) - -3 - (0 + -14)?
14
What is 20 - (79 + -24 + -11 - 20)?
-4
What is 2 + 1 + (25 - (8 + 30 + -21)) + 23?
34
Evaluate -34 - -21 - (1 - (42 + (-6 - -5))).
27
What is 4 + ((-8 - -5) + 19 - 13) + -5 + -1?
1
What is 20 + (-2 - 2) + (937 - 931)?
22
What is the value of -3 - -3 - -8 - (94 + -191 + 133)?
-28
What is (11 - -2 - (-3 - -3) - 8) + -69 + -5?
-69
-168 - (-50 + 26) - (-60 + 24)
-108
Evaluate 0 + 0 + -1955 + 1927.
-28
Calculate -3 + -18 + 18 - (35 - 2).
-36
Evaluate (-4840 - -4828) + 0 + 53.
41
What is (3 - -1 - 2) + 57 + -8 + -52?
-1
1 + (76 + 0 + -2 + 8 - (11 - 0))
72
(-1987 - -1975) + (33 - -1)
22
What is -9 + -12 + (10 + -2 - 10 - (2 - 13))?
-12
Calculate 30 + -27 + -1 + -13 + -4.
-15
What is the value of (-1 + 48 - (284 - 292)) + -2?
53
What is the value of (1 - -14) + (-20 - -21) + 9 + -15 + 11?
21
Calculate 21 + 21 - (53 + -79 + 28).
40
What is (-17 + 19 - 10) + (-14 - -13) + -76 + -4?
-89
21 + 1 + 0 - ((2 - 35) + (306 - 276))
25
-14 - 4 - 16 - -15
-19
What is the value of 36 + 0 + 1 + (433 - (609 + -166))?
27
Evaluate 121 + (-107 - -7 - -3).
24
Evaluate 11 - 22 - (1 + -2 - 9) - -40.
39
What is the value of -25 + (15 - 9) - -39 - 134?
-114
Calculate 181 + (-64 - 115) - (1 - 3 - (-2 + -1)).
1
Evaluate -1 + (-19 + -3 + 2 - (27 - (-16 - -52))).
-12
What is -52 - -8 - (34 + -52 + 40)?
-66
Evaluate 17 + (24 + 2 + -12 - (14 + 0) - 11).
6
Calculate -3 + (-3 - 0) + -18 + (71 - (98 + -18)).
-33
Calculate 25 + -2 + -7 + (18 - (8 + -7 - 0)).
33
What is the value of 52 + -87 + 1 + 50?
16
Evaluate (-17 + -12 - -131) + -68.
34
Evaluate -46 - (-27 + 8 + 113 + -76).
-64
(2 - 69) + (-44 - -122) + -71 - 8
-68
Calculate 5 + (1 - 6) + (13 - (14 - 3)) + 4.
6
What is -37 + 3 + (-10 - -20) + -32?
-56
Calculate 2 + -57 - ((-17 + -45 - -41) + 8).
-42
What is the value of 4 - (-5 - (4 + (-6 - -1) - 0 - -10))?
18
What is the value of 114 - -48 - (16 + 60)?
86
What is (4 + (22 - -40) - 4) + -15?
47
Evaluate -22 - (-6 + -43) - 48.
-21
Evaluate 802 + -823 + (2 - 47).
-66
What is 12 - 9 - (-7 - 95 - (-14 + 9 + -6))?
94
Calculate 14 + 4 + -11 + -2 - (15 - -1).
-11
Evaluate (-49 - (1 + 9 + 5 + -28 - -9)) + -5.
-50
What is -101 + (13 - (103 + -104) - ((-1 - -1) + 11))?
-98
What is (-3 - -15) + (-2215 - -2221 - ((-3 - -1) + 139))?
-119
-6 - (-12 - -9 - 15)
12
What is -1 - (14 + (11 - 34)) - (-3 + -20)?
31
Evaluate 11 - (-4 - -12) - -12 - 7 - 48 - 10.
-50
Evaluate (10 - 7) + (-10 - (91 + -48)).
-50
Evaluate 23 - (-28 + 28 + 21 + -118).
120
(26 + -46 - (-2 + -7)) + (-2 - -19 - 0)
6
Evaluate 15 + -26 - ((-27 - 0) + -3).
19
What is (-9 - -4) + -38 + 4 + 0 + -5?
-44
What is -96 + 10 - (741 + -753)?
-74
Calculate (73 - ((-1 - -2) + (1 - 2))) + 21225 + -21219.
79
What is 13 - (20 - ((28 - 14) + 11)) - 63?
-45
Calculate (14 + 1 - (4 + -3)) + (86 - 14) + -140.
-54
-36 + -64 + 46 + 0 + (-2 - -1)
-55
Evaluate 9 + -29 + 41 - (-14 + 4).
31
Evaluate 152 + 66 + -151 + -150.
-83
-15 - (3 + 16 + -5 - (-87 - -109))
-7
What is the value of (10 - (-9 - (-12 + 4 + -5))) + -52?
-46
(29 + 9 - 105) + 28
-39
Evaluate 3 + -3 - (-10 + -1 + 37).
-26
1 + 20 + (-683 - -708)
46
(2 + (-4 - 2) - ((4 - 53) + 41)) + -38
-34
What is -8 - 0 - (2 + (0 - (12 - -2))) - -8?
12
(-75 - (-8 + 10) - 29) + 7
-99
Calculate 9 + 0 + -2 + (11 - 6) + 0 + 18.
30
What is the value of (44 - 83 - (1 - -14) - 14) + -3?
-71
Calculate 63 + (108 - -12 - 145).
38
What is the value of 14 - (-14 + 0 - (-1 + 22))?
49
What is the value of 3 + -7 + (-4 - (-15 - (-5 - -5))) + 85?
92
Evaluate -91 + (-14 - -46) + -8 + (0 - (-13 + -3)).
-51
What is the value of 29 + -1 - (20 + 10 + 32 + -53)?
19
What is the value of 28 - (-3 + 38) - -6?
-1
What is 16 + (102 - (8 - 25 - -5)) - 6?
124
What is the value of 66 + (-10 - (-16 + (-17 - -4) + 12))?
73
Calculate (23 - 0) + (13 - ((2 - 12) + 24) - -4).
26
Evaluate 9 + -396 + 387 + 0 + 1.
1
What is the value of 25 + -33 + -3 + -5 + 58?
42
What is 97 + (-34 + 6 - (2 - -8 - -1 - 27))?
85
What is the value of -79 + (-5 - 25 - (-31 - -19))?
-97
Evaluate (8 - 68) + 101 + 11.
52
Ca